{"id":34,"date":"2017-04-28T06:52:06","date_gmt":"2017-04-28T06:52:06","guid":{"rendered":"https:\/\/demo.brothersthemes.com\/comrepair\/?page_id=34"},"modified":"2026-01-26T21:39:29","modified_gmt":"2026-01-26T20:39:29","slug":"naprawiamykomputery","status":"publish","type":"page","link":"https:\/\/naprawiamykomputery.pl\/","title":{"rendered":"O Nas"},"content":{"rendered":"<section class=\"wpb-content-wrapper\"><p>[vc_row full_width=&#8221;stretch_row&#8221;][vc_column][rev_slider_vc alias=&#8221;home-slider-2&#8243;][\/vc_column][\/vc_row][vc_section css=&#8221;.vc_custom_1493375775698{background-image: url(https:\/\/naprawiamykomputery.pl\/wp-content\/uploads\/2017\/04\/pexels-photo-320517-bg.jpg?id=106) !important;}&#8221;][vc_row][vc_column][comrepair_section_heading decoration=&#8221;decor-1&#8243;]<\/p>\n<h4 class=\"text-uppercase\" style=\"text-align: center;\">Nasze us\u0142ugi<\/h4>\n<p style=\"text-align: center;\"><em>\u00a0<\/em><\/p>\n<p>[\/comrepair_section_heading][\/vc_column][\/vc_row][vc_row][vc_column][comrepair_services_carousel style=&#8221;style-2&#8243; posts_per_page=&#8221;6&#8243; autoplay_timeout=&#8221;5000&#8243; more_link_text=&#8221;Wi\u0119cej&#8221;][\/vc_column][\/vc_row][\/vc_section][vc_section css=&#8221;.vc_custom_1491950498217{padding-bottom: 0px !important;}&#8221;][vc_row][vc_column][comrepair_section_heading decoration=&#8221;decor-1&#8243;]<\/p>\n<h4 class=\"text-uppercase\" style=\"text-align: center;\">kilka s\u0142\u00f3w o firmie<\/h4>\n<p style=\"text-align: center;\"><em>\u00a0<\/em><\/p>\n<p>[\/comrepair_section_heading][\/vc_column][\/vc_row][vc_row][vc_column][comrepair_text_image image_id=&#8221;489&#8243;][comrepair_feature_box icon_font=&#8221;typicons&#8221; icon_typicons=&#8221;typcn typcn-flag&#8221;]<\/p>\n<h3 class=\"title\" style=\"text-align: justify;\">Witamy na naszej stronie<\/h3>\n<p style=\"text-align: left;\">Nasza firma istnieje od 2003 r , \u015bwiadczymy kompleksowe us\u0142ugi informatyczne dla klient\u00f3w instytucjonalnych oraz klient\u00f3w prywatnych na terenie \u015al\u0105ska.<\/p>\n<p style=\"text-align: justify;\">Przedmiotem naszej dzia\u0142alno\u015bci jest przede wszystkim obs\u0142uga informatyczna firm, kompleksowo \u015bwiadczymy us\u0142ugi &#8222;od A do Z&#8221; , od zakupu do wdro\u017cenia, instalacji sprz\u0119tu lub us\u0142ugi.<\/p>\n<p style=\"text-align: justify;\">Naprawiamy komputery, drukarki, instalujemy alarmy oraz system monitoringu, pomagamy w doborze sprz\u0119tu czy oprogramowania, doradzamy oraz szkolimy.<\/p>\n<p style=\"text-align: justify;\">Wszystkie czynno\u015bci serwisowe staramy si\u0119 wykonywa\u0107 u Klienta. Dzi\u0119ki profesjonalnemu sprz\u0119towi i du\u017cej bazie podzespo\u0142\u00f3w, jeste\u015bmy przygotowani do natychmiastowej naprawy w wi\u0119kszo\u015bci sytuacji w domu lub firmie Zainteresowanego.<\/p>\n<p style=\"text-align: justify;\">Od ponad 20 lat staramy si\u0119 \u015bwiadczy\u0107 Pa\u0144stwu us\u0142ugi na najwy\u017cszym poziomie, zaufa\u0142o nam du\u017ce grono wymagaj\u0105cych Klient\u00f3w.<\/p>\n<p>Jeste\u015bmy sprawdzonym i wiarygodnym partnerem w bran\u017cy IT.<\/p>\n<p style=\"text-align: justify;\">Dzi\u0119kujemy<\/p>\n<p>[\/comrepair_feature_box][comrepair_feature_box icon_font=&#8221;typicons&#8221; icon_typicons=&#8221;typcn typcn-mortar-board&#8221;]<\/p>\n<h3 class=\"title\" style=\"text-align: justify;\">Polityka jako\u015bci<\/h3>\n<p style=\"text-align: justify;\">Doskonale wiemy jak istotne jest profesjonalne podej\u015bcie do ka\u017cdego Klienta, dlatego w naszej codziennej dzia\u0142alno\u015bci stosujemy wysokie standardy jako\u015bci.<\/p>\n<p style=\"text-align: justify;\">Ka\u017cdy sprz\u0119t, kt\u00f3ry Klient nam powierza, naprawiany jest wed\u0142ug najnowszej wiedzy i standard\u00f3w. Dla Pa\u0144stwa ca\u0142y czas szkolimy si\u0119 ,by by\u0107 na bie\u017c\u0105co z nowymi technologiami w bran\u017cy IT.<\/p>\n<p style=\"text-align: justify;\">Opr\u00f3cz serwisowania sprz\u0119tu komputerowego \u015bwiadczmy us\u0142ugi informatyczne osobom indywidualnym oraz wsp\u00f3\u0142pracujemy z r\u00f3\u017cnymi firmami.<\/p>\n<p>[\/comrepair_feature_box][\/comrepair_text_image][\/vc_column][\/vc_row][\/vc_section][vc_section css=&#8221;.vc_custom_1491950621550{padding-bottom: 0px !important;background-color: #f5f5f5 !important;}&#8221;][vc_row][vc_column][comrepair_section_heading decoration=&#8221;decor-1&#8243;]<\/p>\n<h4 class=\"text-uppercase\" style=\"text-align: center;\">Dlaczego warto nas wybra\u0107<\/h4>\n<p style=\"text-align: center;\"><em>\u00a0<\/em><\/p>\n<p>[\/comrepair_section_heading][\/vc_column][\/vc_row][vc_row][vc_column width=&#8221;1\/6&#8243; offset=&#8221;vc_hidden-sm vc_hidden-xs&#8221;][\/vc_column][vc_column offset=&#8221;vc_col-md-8&#8243;][vc_column_text]<\/p>\n<p style=\"text-align: justify;\">Nasza firma zajmuj\u0119 si\u0119 us\u0142ugami z zakresu serwisowania komputer\u00f3w stacjonarnych, laptop\u00f3w, tablet\u00f3w oraz drukarek. Zajmujemy si\u0119 r\u00f3wnie\u017c monta\u017cem instalacji alarmowych, system\u00f3w monitoringu wizyjnego oraz budow\u0105 sieci komputerowych. W naszej codziennej dzia\u0142alno\u015bci najwy\u017cszym priorytetem jest pe\u0142ne zadowolenie klienta. Nieustannie si\u0119 szkolimy, aby nasze us\u0142ugi \u015bwiadczy\u0107 na najwy\u017cszym poziomie, korzystaj\u0105c z najnowszych technologii.<\/p>\n<p style=\"text-align: justify;\">Nasze najwa\u017cniejsze atuty,\u00a0 za co ceni\u0105 nas Klienci to:<\/p>\n<p>[\/vc_column_text][\/vc_column][vc_column width=&#8221;1\/6&#8243; offset=&#8221;vc_hidden-sm vc_hidden-xs&#8221;][\/vc_column][\/vc_row][vc_row el_id=&#8221;features-row&#8221;][vc_column width=&#8221;1\/2&#8243; offset=&#8221;vc_col-md-3 vc_col-xs-6&#8243;][comrepair_feature_box style=&#8221;style-2&#8243; icon_font=&#8221;typicons&#8221; icon_typicons=&#8221;typcn typcn-tick-outline&#8221; image_id=&#8221;1797&#8243;]<\/p>\n<h5 class=\"title\" style=\"text-align: center;\">Terminowo\u015b\u0107<\/h5>\n<p style=\"text-align: center;\">Dobrze wiemy, \u017ce czas jest najwa\u017cniejszy, dlatego zawsze zlecenia realizujemy terminowo. Ka\u017cd\u0105 mo\u017cliw\u0105 napraw\u0119 wykonujemy w mo\u017cliwie jak najkr\u00f3tszym mo\u017cliwe czasie.<\/p>\n<p>[\/comrepair_feature_box][\/vc_column][vc_column width=&#8221;1\/2&#8243; offset=&#8221;vc_col-md-3 vc_col-xs-6&#8243;][comrepair_feature_box style=&#8221;style-2&#8243; icon_font=&#8221;typicons&#8221; icon_typicons=&#8221;typcn typcn-cog-outline&#8221; image_id=&#8221;1798&#8243;]<\/p>\n<h5 class=\"title\" style=\"text-align: center;\">Umiej\u0119tno\u015bci<\/h5>\n<p style=\"text-align: center;\">Na bie\u017c\u0105co szkolimy si\u0119 i podnosimy poziom naszych us\u0142ug. Dzi\u0119ki temu nasi Klienci mog\u0105 by\u0107 spokojni, \u017ce powierzony nam sprz\u0119t b\u0119dzie naprawiany wed\u0142ug najnowocze\u015bniejszych rozwi\u0105za\u0144.<\/p>\n<p>[\/comrepair_feature_box][\/vc_column][vc_column width=&#8221;1\/2&#8243; offset=&#8221;vc_col-md-3 vc_col-xs-6&#8243;][comrepair_feature_box style=&#8221;style-2&#8243; icon_font=&#8221;typicons&#8221; icon_typicons=&#8221;typcn typcn-thumbs-up&#8221; image_id=&#8221;494&#8243;]<\/p>\n<h5 class=\"title\" style=\"text-align: center;\">Standardy<\/h5>\n<p style=\"text-align: center;\">Wszystkie us\u0142ugi wykonujemy zachowuj\u0105c najnowsze standardy. Wszystkie mo\u017cliwe naprawy i us\u0142ugi b\u0119d\u0105 realizowane zachowuj\u0105c najwy\u017csz\u0105 jako\u015b\u0107.<\/p>\n<p>[\/comrepair_feature_box][\/vc_column][vc_column width=&#8221;1\/2&#8243; offset=&#8221;vc_col-md-3 vc_col-xs-6&#8243;][comrepair_feature_box style=&#8221;style-2&#8243; icon_font=&#8221;typicons&#8221; icon_typicons=&#8221;typcn typcn-clipboard&#8221; image_id=&#8221;496&#8243;]<\/p>\n<h5 class=\"title\" style=\"text-align: center;\">Zaufanie<\/h5>\n<p style=\"text-align: center;\">Dzi\u0119ki temu, \u017ce nasze us\u0142ugi s\u0105 na najwy\u017cszym poziomie s\u0105 one cenione zar\u00f3wno przez osoby indywidualne jak i przez Klient\u00f3w firmowych. Zdobywamy coraz wi\u0119cej zadowolonych Klient\u00f3w.<\/p>\n<p>[\/comrepair_feature_box][\/vc_column][\/vc_row][vc_row el_id=&#8221;statistics-row&#8221; css=&#8221;.vc_custom_1491950448743{margin-top: -15px !important;padding-bottom: 45px !important;}&#8221;][vc_column][comrepair_section_heading]<\/p>\n<h4 class=\"text-uppercase\" style=\"text-align: center;\">Firma w liczbach<\/h4>\n<p>[\/comrepair_section_heading][comrepair_statistics_box]<\/p>\n<ul>\n<li>5616 Wykonanych zlece\u0144<\/li>\n<li>3077 Zadowolonych klient\u00f3w<\/li>\n<li>7210 Odzyskanych GB danych<\/li>\n<li>657 Naprawionych komputer\u00f3w<\/li>\n<li>194 Naprawionych drukarek<\/li>\n<\/ul>\n<p>[\/comrepair_statistics_box][\/vc_column][\/vc_row][\/vc_section][vc_section][vc_row][vc_column][comrepair_section_heading decoration=&#8221;decor-2&#8243;]<\/p>\n<h4 class=\"text-uppercase\" style=\"text-align: center;\">rekomendacje<\/h4>\n<p style=\"text-align: center;\"><em>\u00a0<\/em><\/p>\n<p>[\/comrepair_section_heading][\/vc_column][\/vc_row][vc_row][vc_column][comrepair_testimonials_carousel posts_per_page=&#8221;6&#8243;][\/vc_column][\/vc_row][\/vc_section]<\/p>\n<\/section>","protected":false},"excerpt":{"rendered":"<p>[vc_row full_width=&#8221;stretch_row&#8221;][vc_column][rev_slider_vc alias=&#8221;home-slider-2&#8243;][\/vc_column][\/vc_row][vc_section css=&#8221;.vc_custom_1493375775698{background-image: url(https:\/\/naprawiamykomputery.pl\/wp-content\/uploads\/2017\/04\/pexels-photo-320517-bg.jpg?id=106) !important;}&#8221;][vc_row][vc_column][comrepair_section_heading decoration=&#8221;decor-1&#8243;] Nasze us\u0142ugi \u00a0 [\/comrepair_section_heading][\/vc_column][\/vc_row][vc_row][vc_column][comrepair_services_carousel style=&#8221;style-2&#8243; posts_per_page=&#8221;6&#8243; autoplay_timeout=&#8221;5000&#8243; more_link_text=&#8221;Wi\u0119cej&#8221;][\/vc_column][\/vc_row][\/vc_section][vc_section css=&#8221;.vc_custom_1491950498217{padding-bottom: 0px !important;}&#8221;][vc_row][vc_column][comrepair_section_heading decoration=&#8221;decor-1&#8243;] kilka s\u0142\u00f3w o firmie \u00a0 [\/comrepair_section_heading][\/vc_column][\/vc_row][vc_row][vc_column][comrepair_text_image image_id=&#8221;489&#8243;][comrepair_feature_box icon_font=&#8221;typicons&#8221; icon_typicons=&#8221;typcn typcn-flag&#8221;] Witamy na naszej stronie Nasza firma istnieje od 2003 r , \u015bwiadczymy kompleksowe us\u0142ugi informatyczne dla klient\u00f3w instytucjonalnych oraz klient\u00f3w prywatnych na terenie \u015al\u0105ska. Przedmiotem naszej [&hellip;]<\/p>\n","protected":false},"author":1,"featured_media":0,"parent":0,"menu_order":0,"comment_status":"closed","ping_status":"closed","template":"","meta":{"footnotes":""},"class_list":["post-34","page","type-page","status-publish","hentry"],"_links":{"self":[{"href":"https:\/\/naprawiamykomputery.pl\/index.php?rest_route=\/wp\/v2\/pages\/34","targetHints":{"allow":["GET"]}}],"collection":[{"href":"https:\/\/naprawiamykomputery.pl\/index.php?rest_route=\/wp\/v2\/pages"}],"about":[{"href":"https:\/\/naprawiamykomputery.pl\/index.php?rest_route=\/wp\/v2\/types\/page"}],"author":[{"embeddable":true,"href":"https:\/\/naprawiamykomputery.pl\/index.php?rest_route=\/wp\/v2\/users\/1"}],"replies":[{"embeddable":true,"href":"https:\/\/naprawiamykomputery.pl\/index.php?rest_route=%2Fwp%2Fv2%2Fcomments&post=34"}],"version-history":[{"count":26,"href":"https:\/\/naprawiamykomputery.pl\/index.php?rest_route=\/wp\/v2\/pages\/34\/revisions"}],"predecessor-version":[{"id":2473,"href":"https:\/\/naprawiamykomputery.pl\/index.php?rest_route=\/wp\/v2\/pages\/34\/revisions\/2473"}],"wp:attachment":[{"href":"https:\/\/naprawiamykomputery.pl\/index.php?rest_route=%2Fwp%2Fv2%2Fmedia&parent=34"}],"curies":[{"name":"wp","href":"https:\/\/api.w.org\/{rel}","templated":true}]}}